ulate -27 + (17 - -47 - 20) + 123.
140
Evaluate -11 - (6 + -87 + 89 + -136 + 2 + 0).
115
Evaluate -3 + 0 + (4 - (-5 + 17 + 27)).
-38
What is 44 - 50 - 33 - (-2 + 0 - -22)?
-59
-49 - -48 - (3 + -1) - (-4 - -1)
0
-62 - (91 + -174) - (13 - -1) - 41
-34
2 + -10 + 3 + (12 + -9 + 2 - -10)
10
What is the value of -146 + 90 + 37 - -85?
66
What is the value of (-16 - (29 - 43 - -4)) + (0 + 7 - 0)?
1
2 + -39 + 15 + 26 + -11
-7
Evaluate (-9 - -31) + -2 + 3 + 3.
26
What is (2 - -3) + -3 - 0 - (-5 - (-30 + 38))?
15
What is -10 + -13 + (-12 - (13 - 100)) + -5?
47
Evaluate (-2 - -4) + 8 + 3 + (-51 - -2).
-36
Evaluate (14 - (-47 - 13)) + 11 - 15 - 7.
63
Calculate -73 + -13 + -4 + 7 + 22 + -20.
-81
What is -3 - (21 + -20 + (-26 - 42))?
64
What is the value of -11 - -24 - ((-7 - 1) + -18)?
39
Calculate -23 + 56 + 9 + 14.
56
What is the value of 10 - ((3 - (6 + -7)) + -3 + -78)?
87
3 - (-16 + (1 - (-8 + 2)) + 2) - -52
62
Evaluate (7 - 11) + (-1 - ((4 + -13 - -5) + 5)).
-6
3 - (-4 - 1) - (-333 - -353)
-12
-2 + 0 - 2 - (1122 + -1153)
27
What is (-14 - (4 - 25)) + (-16 - (-31 + 6))?
16
Evaluate -3 + -1 + (-41 - (-49 + 36 - -25)).
-57
What is -9 + 49 - 2 - (1017 + -850)?
-129
What is -169290 - -169355 - (-2 - (2 + (4 - 2 - 2)))?
69
Calculate 0 + 27 + -405 + 349.
-29
Calculate (0 - -23) + (-9 - -7) + -13 + 2 + 1.
11
5 - (29 - 29 - (4 - 53))
-44
17 - (30 - (4 + (10 - 11)))
-10
What is (-5 + 18 - 76) + (-2 - -3)?
-62
What is 4 - (-25 - -6) - (93 - 100)?
30
Calculate (44 - (3 + 14)) + -27.
0
Evaluate -5 + 79 - 36 - 72.
-34
Evaluate -73 + 121 + 1 + -28 - -33.
54
What is the value of 5 + 43 + (-60 + 45 - 6)?
27
Calculate -65 + -102 + 39 + 56.
-72
What is (2 + 0 - (1 - -2)) + (23 - (30 + 10))?
-18
Calculate 39 + -38 + (-59 - -23) + (-18 - -2).
-51
41 + 114 + -103 + -75
-23
-25 - (8 + -2 + -461 + 507)
-77
Evaluate (-94 - -120) + -69 - 33.
-76
What is the value of (-6 - -9) + (-52 + -27 - -15 - 10)?
-71
(-16 - (41 + -63)) + 28 + -2 + 0
32
(-5 - (21 - 9) - -59) + -9
33
Evaluate (-61 - 1) + -19841 + 19972.
69
Evaluate (3 - -1 - 50) + (-480 - -486).
-40
Evaluate 1 + (-4 - 65) + -6 + (-1 - (5 - -4)).
-84
Evaluate 0 - ((-65 - (-18 - -57)) + -32).
136
What is 245 + -283 + (18 - -7)?
-13
Evaluate (101 - (-3 - -46)) + -34.
24
Calculate -3 + 2 + -3 + -3 + -10 + -3.
-20
67 + 6 + 41 - (-24 + 17)
121
Calculate -22 + -22 + 1 + 33 + -18 + -15.
-43
Evaluate -20 + (55 - 49) - -11 - 101.
-104
Evaluate (13 + 103 - 78) + -1 + -5.
32
What is 13 + -12 + 1 - (6 + -8 + 45 + 5)?
-46
-30 - (((-7 - -1) + 9 - -19) + -4)
-48
What is -9 + (95 - 107 - (3 + 0))?
-24
What is 11 - (28 + (-12 - (-14 + -2)))?
-21
(-1 + -10 + 5 - (14 + -27 + 8)) + -20
-21
What is 95 + -62 + -68 + 27?
-8
Calculate -4 + -1 + (131 - (40 - (24 + -28))).
82
What is ((26 - -4) + -65 - -26) + -20 + 0?
-29
11 - (-22 + 40) - -58
51
What is -17 - (5 + (-19 - -3) - -20)?
-26
What is the value of (-137 - (68 + -183)) + 1 + 0?
-21
What is the value of -49 + 27 + (98 - 182)?
-106
-26 - 1 - -14 - 1
-14
Evaluate 14 + (44 - 19) + 14 + 10.
63
(-30 + 0 - 11 - -12) + 59
30
Calculate 117 - 61 - (15 + 23).
18
What is the value of 48 - (88 + (-42 - 5)) - -19?
26
Evaluate (29 - ((-3 - -9) + -2 + 4)) + -9.
12
What is the value of 17 + (-27 - -20 - -6) + -57?
-41
What is (5 + 7 + (-5 - 7) - 8) + -30?
-38
What is (21 - (6 - (-15 + -3))) + -9?
-12
(80 - (174 - 64)) + -24
-54
Calculate -2 + (36 + -32 - (-8 + 1)) - (-558 - -490).
77
What is -60 + -24 + -3 + (25 - (22 + -16))?
-68
1 - (-4 + (5 - -3) - -16)
-19
Evaluate (-88 - -146) + -80 + 58.
36
-9 + (-14 - -3) + (-5 - (-17 - (-7 + 6)))
-9
Evaluate 25 - ((-71 - -150) + -52).
-2
What is the value of (3 - 77) + (-34 + (-12 - -3) - -35)?
-82
What is the value of 34 + -14 + -2 - 7 - (1 - -8) - 70?
-68
What is the value of 9 + (5 - 12 - 0) + -6 - (-71 + 0)?
67
What is 768 - 781 - (-5 - (-3 + -45))?
-56
Evaluate (17 - 18 - (-2 - 0)) + -72 + 3.
-68
What is the value of -89 + -1 + -2 + (4 - 0) + -9 + 6?
-91
What is (-9 - 2) + -189 + 216 + -9 - 54?
-47
Evaluate 6 + 62 - ((-14 - (-6 - 4)) + 7).
65
What is the value of -51 + (34 - 41) + 62?
4
162 + -83 + -65 - -30
44
Evaluate 68 - (-53 + -7 + 70).
58
Calculate -153 + 168 + -3 + 7 + -17.
2
Calculate (10 - -4) + 0 + 17 - -43.
74
What is -12 - 2 - -3 - (12 + (-3 - (-16 + 4)))?
-32
What is -1 + 1 + 3 + (-2 + -24 - (2710 - 2686))?
-47
What is the value of (-19 + -3 - (-38 + -40 + 51)) + (51 - 1)?
55
What is the value of -53 - (18 - 12) - (-5 + (-1 - (6 - 15)))?
-62
What is the value of (-13 + 59 + -203 - -31) + (22 - 0)?
-104
(110 - 70) + -116 - -142
66
What is the value of 1 - 2 - (63 + -7 + -61)?
4
What is 106 - ((10 + 4 - 3) + (-34 - -24))?
105
-1 - -50 - ((-30 - -9) + 0 - -8)
62
What is -4 - -2 - (116 - (-27 + 8))?
-137
What is the value of (60 + 25 + -13 - 36) + 49?
85
Calculate 1 + 9 + (45 + 40 - 101).
-6
What is (4 + -22 - (40 - 83)) + -5?
20
What is the value of -7 + 3 + 14 - (-4 + (6 - -1) - -21)?
-14
What is -13 + (6 - (18 + 11)) + (-2 - -16) + -15?
-37
(-10 + -5 - -4 - (-23 - 0)) + 10
22
Evaluate 5 + 5 - -39 - (-70 + 52) - -9.
76
What is the value of -508 + 515 - (1 + -28)?
34
Evaluate 2 + -1 + 3 - (49 - (77 + 29)).
61
Calculate 52 - 1 - ((-10 - 12) + (46 - 32)).
59
What is the value of 4 - (-23 + (25 - (13 - (10 - 10))))?
15
What is (45 - 29) + -54 + (19 - 0) - -20?
1
Evaluate 46 + -42 + (-5 - -20) - 11.
8
21 + 56 + -76 - 21
-20
Evaluate 34 - 1 - (-4729 - -4818).
-56
What is 7683 + -7720 - (-1 + -8 - 0)?
-28
What is the value of 9 - (4 - (-116 - -68))?
-43
Calculate (25 - (32 - (8 + 12))) + (-79 - 0).
-66
What is the value of -39 - -49 - (11 + -1) - 24?
-24
-20 - (8 - 19) - (8 + -1) - (1 + 2)
-19
(80 + 73 - 151) + (2 - 0) + 52
56
What is the value of 1 + 0 + (-13 - -23 - (14 - -25))?
-28
What is the value of -5 + (19 + -14 - ((5 - 9) + 4)) + 40?
40
What is the value of 69 + -5 + 6 + (3 - 7) + -1 + -12?
53
73 - (0 - 7 - (-5 + 3) - (-2403 - -2395))
70
What is (1 - (1 - -8)) + (-26 - -30) + 11 + 14?
21
Calculate 102 + 45 + -96 - 21.
30
Calculate 8406 + -8308 + 0 + -174.
-76
What is (90 - 143 - 9) + -20?
-82
(14 - 2 - (4 + -2)) + (55 - (39 - 20))
46
Evaluate 1 + -74 + 24 + -8 + -4.
-61
Calculate (-30 - 1) + 905 + -758 - 31.
85
What is the value of (79 - 105) + -32 + 79?
21
(14 - -2) + -23 + 5 + 11
9
9445 + -9585 + 107 + 1
-32
Evaluate 8 + -1 + -87 + 9 + -64.
-135
What is (167 - 164) + (-1 - (-2 + 0))?
4
Calculate (-41 - -60) + (6 - -8 - -27) + -6.
54
What is (4 - -18) + -4 + (5 - -1 - 9)?
15
Evaluate 60 + (-151 - -80) + 55.
44
What is the value of 1 + -41 + (453 - 259) + -159?
-5
(-3 - -11) + -2 + (2 - 33 - -11) + -53
-67
Calculate 6 - (-2 - -53) - (-1024 - -901).
78
Calculate -1 - (-8 + (22 - 52)).
37
Calculate -1 + 18 + (-110 - -97 - (1 + -1)).
4
What is the value of 18 - (15 + -11 + 5) - (-23 + 88)?
-56
What is the value of -37 - (-6 + (15 + -24 - 0 - (0 - 3)))?
-25
What is the value of (-3 + 1 - -27) + (12 - -2 - (-19 + 40))?
18
What is -27 + (-52 - -73) - 30?
-36
What is (-9 - -1 - (55 + -118 - -60)) + -9?
-14
What is the value of -4 + -6 + 0 + (1 - 108) + (426 - 408)?
-99
What is -1 + 2 - (-659 + 685 + (-34 - -1))?
8
What is the value of -18 + -15 + (22 - (2 + -2))?
-11
-56 + (62 + -90 + (-1 - -12) - (0 - 13))
-60
What is (-7 - (-82 - (-6 + 11))) + (38 - 25) + -27?
66
Calculate (-6 - 18) + 8 + (-4 - -12 - 10) + 1.
-17
Calculate -10 - (10 + (-6 - -1) + -13) - -8.
6
What is the value of 2 + 26 - 26 - (-16 - 4)?
22
Calculate 144 + (-29 - 100 - -57).
72
Evaluate (2 - 0) + (-3 - -2) + 22 + (3003 - 3023).
3
What is the value of 1 + -1 + -69 + 260 + 140 + -389?
-58
What is the value of 14 + -44 - (-199 - -176)?
-7
Evaluate (34 - -70) + -57 + -78.
-31
Evaluate 60 - (2 + -2 - (92 - 84) - 9).
77
What is the value of -13 + 27 + (4 - (14 + -27 - -71))?
-40
Evaluate 0 + -3 + -2 + (57 - (-58 + 106)) - 16.
-12
(-129 - -533) + -387 - (1 + 1 + 30)
-15
Calculate (-74 - -76) + (5 - 45).
-38
What is (22 - (-24 + (2 - 1))) + (0 + 3 - -8)?
56
What is the value of (-6 + 2 - -17 - -3) + (-1374 - -1332)?
-26
What is -44 + 0 + (-105 - -128) + 58?
37
Calculate -1 - ((20 - 78) + 10 + -6).
53
-17 - (83 - (78 + -84))
-106
What is the value of -275 + 284 + -1 + -25 + 16?
-1
What is (1 + -57 - (-71 - (-142 + 63))) + 21?
-43
Evaluate (10 + -56 - -36) + -12.
-22
-6 + 0 + 12 + (-36 + 10 